Let d(h) be the first derivative of -101*h**4/4 + 2*h**3/3 - h**2/2 - 840. Calculate d(1).
-100
Let y be 2 + 24/(-14) + (-3720)/84. Let c = y + -44. Let x = 82 + c. Let t(u) = u**2 + 8*u + 3. Determine t(x).
-9
Suppose 21*k - 26*k - 70 = 0. Let w(q) = q**2 + 13*q - 8. Let j be w(k). Let y(v) = 0*v - 7 + 396*v**2 + 4*v - v - v**3 - 390*v**2. Give y(j).
11
Let x = 7 + -6. Let s(f) be the first derivative of -3/2*f**2 + 0*f - 73. Calculate s(x).
-3
Let k(b) = -b**3 + 6*b**2 + 7*b + 6. Let l(a) = -12*a + 0 + 2*a**2 + 5 - 8*a - 3*a**2. Let r be l(-20). Let v = r - -2. Calculate k(v).
6
Let a(w) = 6 + w**2 - 5*w + w**2 - 3. Let i = 579 - 525. Let p be 54/i*(3 - 0). Calculate a(p).
6
Suppose -2*f = -b - 18, 134*f + 50 = -5*b + 136*f. Let v(r) = -r + 2. What is v(b)?
10
Let j(b) = b - 1. Let h be 1*15/(-25) + (-4)/10. Let n(v) = v**2 - 9*v + 10. Let z(r) = h*n(r) - 2*j(r). Give z(5).
2
Suppose 22*d - 1356 = 558. Let u(c) = -91*c - 89*c - 9 + 277*c - d*c - c**2. What is u(9)?
0
Let b be (9/(-6))/(6/(-8)). Let n(f) = -f**3 - b*f**2 + 8*f**3 - 2*f**3 + f. Suppose -2*m - 22 = -0*m - 4*t, -4*m = 3*t - 22. Calculate n(m).
4
Let p(s) = -2252*s - 2237*s + 5 + 3*s**2 + s**3 + 4475*s + 7*s**2. Determine p(-11).
38
Let q be ((-26)/(-78))/(11/(-825)). Let j(r) = -7*r**2 - 176*r - 31. Determine j(q).
-6
Let h(r) = r**2 - 16*r - 16. Suppose -b - 3*v + 11 = 0, -485 = 4*b + 2*v - 539. Give h(b).
-44
Let z(d) = -4 + 27*d - 12*d - 54*d**2 + 53*d**2 - 2 - 20. Give z(12).
10
Let u(k) = -12*k**2 + 421*k - 39. Let n be u(35). Let p(t) = 2*t**3 + 7*t**2 + 4*t - 4. What is p(n)?
-36
Let h(f) be the third derivative of 0*f + 1/24*f**5 + 8*f**2 + 11/6*f**3 + 0*f**4 + 0 + 1/360*f**6. Let c(g) be the first derivative of h(g). Calculate c(-5).
0
Let p(m) = -m**2 - 12*m + 17. Let b be p(-11). Let v(i) = -7 + 27*i**2 - b*i**2 + i**3 + 3 - i. Determine v(0).
-4
Suppose -4*x + 18*h + 74 = 13*h, -2*h = -4*x + 80. Let b(g) = -2*g**2 + 43*g - 18. Calculate b(x).
3
Let j(m) = -m**2 - m + 1. Suppose 0 = -6*q + 2*q + 44. Let p(h) = -15 - q*h**2 + 4 + 7*h**3 + 4*h - 6*h**3 - 3*h. Let b be p(11). What is j(b)?
1
Let t(d) = d**3 + 4*d**2 - 6*d - 7. Let h = 185 + -85. Let p be (2/(-1))/((-8)/h*-5). Calculate t(p).
-2
Suppose b - 11 = -4. Let s(o) = 2 - o**2 + 1 - 16 + 6 + 2 + 6*o. Give s(b).
-12
Let k(j) = -1 + 0 - 4 - 3*j. Let i(l) = 1794*l - 19739. Let h be i(11). What is k(h)?
10
Let b(o) be the second derivative of o**5/20 + o**4 + 5*o**3/6 - 15*o**2/2 - 2*o + 265. Calculate b(-11).
51
Let h = 136 - 127. Let o(n) = -n**3 + 9*n**2 + 10. Give o(h).
10
Let z be 2/(-8) + 323/76. Let w(b) = 2*b**2 + 8 - 36*b + 40*b - z*b**2 + 1 + b**2. Calculate w(6).
-3
Let m(d) = -4*d**2 + 28*d + 37. Let r(f) = -9*f**2 + 57*f + 78. Let t(o) = -13*m(o) + 6*r(o). Determine t(-10).
7
Let i(k) = 7*k - 8. Let q(l) = 41 + 8*l - 15 - 18 - 17. Let c(f) = -5*i(f) + 4*q(f). What is c(-2)?
10
Let t(n) = 11*n**3 + 5*n**2 + 6*n - 7. Let a(f) = 2*f**3 - 2. Let y be 2/19 - 1071/969. Let l(g) = y*t(g) + 6*a(g). Calculate l(6).
-5
Let l = 139 + -147. Let i(c) = -2*c + c + 2 - 3 + 57*c**3 - 56*c**3. Let n(d) = -2*d**3 + 8*d**2 + 4*d + 8. Let g(j) = 3*i(j) + n(j). What is g(l)?
-3
Suppose 2*k - 492 = -0*k - 4*z, 0 = 4*k - 3*z - 995. Let g = k - 250. Let q(o) = -4*o**2 - o + 2. Give q(g).
-12
Let b(s) = s**3 + 28*s**2 + 75*s + 4. Suppose 2217 + 101 + 2657 = -199*o. What is b(o)?
4
Let u(k) = k + 2. Let v be u(1). Let i(r) = -4 + v*r - 6*r + 8*r. Let w = -9 + 12. Determine i(w).
11
Let t(z) = -11*z**3 - 187*z**2 - 5. Let f be t(-17). Let s(j) = j**2 + 16*j + 22. Determine s(f).
-33
Let n(i) = -23*i - 18. Let u(l) = -10*l - 9. Suppose 50 = -5*g - 5*s, g + 2*s - 6 = -3*s. Let y(a) = g*u(a) + 6*n(a). Determine y(-12).
-6
Let f(c) be the second derivative of -c**5/20 + c**4/3 + 2*c. Suppose -45 = 9*v - 6*v + 3*m, -v + 4*m = 30. Let i be ((-60)/v)/(6*3/27). Determine f(i).
-25
Let t(y) = -2*y**2 - 40*y - 43. Let l be t(-17). Let m(d) = 2 - 101*d + 49*d + l*d. Give m(-4).
-26
Let n(q) be the first derivative of q**3/3 + 6*q**2 + 15*q - 520. Suppose -v - 44 = -34. Calculate n(v).
-5
Let s(m) = 22*m + 951*m**3 - 950*m**3 + 58 - 17*m + 8*m**2 - 12. Determine s(-8).
6
Suppose -5*t + 4*g = 18, 3*g = 11*t - 7*t + 14. Let b(i) = i**3 + i**2 - 15*i - 23. What is b(t)?
3
Let o(z) = -z**2 - 10*z - 19. Suppose -23*q = 18*q + 287. What is o(q)?
2
Let d(o) = 6*o + 37. Suppose -93*j + 55 = -88*j. Let a(f) = 3*f + 20. Let t(k) = j*a(k) - 6*d(k). Suppose 2*l - n - 2 = 0, 3*l + 4*n - 9 = 5. Determine t(l).
-8
Let z(g) be the third derivative of -g**4/24 + 19*g**3/6 + 6*g**2 - 23. Let p(y) = -17*y + 119. Let k be p(7). Give z(k).
19
Let u(z) be the third derivative of z**6/120 + z**5/30 - z**4/24 - 3*z**3/2 - 3*z**2 - 1491*z + 2. Determine u(0).
-9
Let c(k) be the second derivative of k**2 + 2 + 15*k - 1/3*k**3. Determine c(3).
-4
Suppose 0 = 5*d - 4*t - 17, 4*t - 23 = -3*d. Let i(s) = 2*s**2 + 12*s + 7. Let b(w) = w**2 + 5*w + 3. Let l(f) = d*b(f) - 2*i(f). Give l(-1).
1
Let a(t) be the second derivative of 0*t**2 - 17*t + 1/120*t**5 + 0 + 3*t**3 + 11/24*t**4. Let i(r) be the second derivative of a(r). Determine i(-6).
5
Let b = 48 - 47. Let q(s) = -2*s**3 - s**2 + 2*s - 1. Let p(y) = y**3. Let v(l) = b*p(l) + q(l). Suppose 2*u - 6 = 5*u. Determine v(u).
-1
Let t(n) = 40848 - 5*n - 13631 - n**2 - 13538 - 13560. Calculate t(9).
-7
Let c(y) = -19*y - 200. Let l(k) = 77*k + 814. Let r(q) = -11*c(q) - 3*l(q). Calculate r(-11).
0
Suppose -14*s - 35*s = 40*s - 801. Let k(x) = -x**2 + 5*x - 5. Determine k(s).
-41
Let c(q) = q**2 - 15*q - 17. Let v(i) = 6*i**2 + 45*i - 12. Let o be v(-8). Give c(o).
-53
Let b be (-1)/(4 - (-2 - -7)). Suppose 4*u + 3*z - 66 = 0, -1 = z + b. Suppose 3*v - u = -3. Let g(y) = 2*y + 2. What is g(v)?
12
Let a = -104 + 100. Let i be (6/a)/(2/(-4)). Let y(v) = 0 + i + 3*v - 4*v - 4. Determine y(0).
-1
Let f(h) = -121*h + 10. Let d(a) = -151*a + 13. Let y(q) = -4*d(q) + 5*f(q). Let v = 7 + -4. Calculate y(v).
-5
Let a be (-311)/(-52) + (-308)/(-16016). Let t(v) = -4*v - 6 - v**2 + 5 + 3*v. Calculate t(a).
-43
Let g(q) = q. Let y be (-4)/(-10)*10 - 57. Let n = y + 58. Give g(n).
5
Let o(m) = -4 - 6*m + 60 + 7 + 10*m - 25*m. What is o(3)?
0
Let h(m) = -24*m**2 - 99*m - 669. Let s(x) = 5*x**2 + 20*x + 138. Let w(c) = -6*h(c) - 29*s(c). What is w(11)?
45
Let g be ((-294)/196)/((-3)/(-8)). Let w(v) = -2*v**3 - v**2 + v - 2. Let s(d) = -3*d**3 - 2*d**2 + 2*d - 3. Let q(x) = -5*s(x) + 7*w(x). Determine q(g).
-3
Let s(o) = 2*o**2 + 4*o + 63. Let g(z) = z**2 + 2*z + 39. Let d(w) = -5*g(w) + 3*s(w). Give d(4).
18
Let d(f) = f**2 + 2*f - 11. Suppose 48 = 25*t - 29*t. Let l(o) = 16*o + 187. Let q be l(t). Calculate d(q).
4
Let o(s) = -2*s**2 - 21*s - 54. Let d be o(-5). Let i(w) be the second derivative of w**4/12 + w**3/3 - w**2/2 + 46*w - 1. Give i(d).
2
Let n(h) = 1071*h + 5339. Let o be n(-5). Let t(i) = -9*i - 119. Calculate t(o).
25
Suppose 23*y - 585 = 62*y. Let k(l) = 3*l + 41. Calculate k(y).
-4
Suppose -5*j - 5*w = 13 - 8, -2*j + 5*w + 5 = 0. Let c(h) = -2*h**2 + h. Calculate c(j).
0
Suppose 0 = 2*m + 4*g + 10, -10 = -2*m + 2*g + 4. Let u(s) = -5*s**m + s**3 - 4*s**2 + 2 - 1 + 3*s**3 + 1. What is u(-4)?
2
Let g(u) = -u**3 + 12*u**2 - 11*u + 16. Suppose -29*i + 26*i = -141. Suppose -n + i = 4*v, 5*v - 27 = 2*v + 2*n. Calculate g(v).
16
Let d(s) = -23*s - 107. Let m(q) = 51*q + 213. Let j(f) = 5*d(f) + 2*m(f). Determine j(-9).
8
Let l(d) = 211*d - 2525. Let r be l(12). Let m(z) = -2*z**3 + 11*z**2 + 19*z + 15. Determine m(r).
1
Let l(j) = -7*j - 1. Let o(c) = -c**2. Suppose -160*u + 158*u = 2. Let x(k) = u*l(k) - o(k). What is x(-7)?
1
Let v(u) = u**2 - u - 1. Let k(l) = 6*l**2 + 55*l - 55*l - 2 + 0. Let r(n) = k(n) - 5*v(n). Suppose 20 + 4 = -4*x. Calculate r(x).
9
Let u(o) = o + 31. Suppose 5*x = -2*q + 3*q - 117, -q = -x - 21. Let n be u(x). Let h(y) = 0*y - 4*y + 14*y - n*y. Calculate h(-1).
-3
Let t(h) = -41*h**3 - 28*h**2 + 8*h + 26. Let r(p) = -5*p**3 - 2*p**2 + p + 3. Let x(n) = -8*r(n) + t(n). Calculate x(-12).
2
Let d = 129 - 130. Suppose 5*w + 0*w - 26 = -2*p, 2*w = 4*p - 100. Let m(u) = 15*u**2 + 10 - p + 12. What is m(d)?
14
Let x(s) = -s**3 + 3*s**2 + 4*s - 2. Suppose -3*c + 13 = 5*p - 11, 0 = -5*c - 3*p + 24. Suppose 4*